{"id":185,"date":"2024-08-21T11:52:26","date_gmt":"2024-08-21T09:52:26","guid":{"rendered":"https:\/\/mikrouzenar.cz\/?page_id=185"},"modified":"2024-08-22T11:25:26","modified_gmt":"2024-08-22T09:25:26","slug":"otazky-a-odpovedi","status":"publish","type":"page","link":"https:\/\/mikrouzenar.cz\/?page_id=185","title":{"rendered":"Ot\u00e1zky a odpov\u011bdi"},"content":{"rendered":"\n<details class=\"wp-block-details is-layout-flow wp-block-details-is-layout-flow\"><summary>Odkud je pou\u017e\u00edvan\u00e9 maso?<\/summary>\n<p>Nej\u010dast\u011bji od m\u00edstn\u00edho \u0159ezn\u00edka z Bavorova<\/p>\n<\/details>\n\n\n\n<details class=\"wp-block-details is-layout-flow wp-block-details-is-layout-flow\"><summary>Co je dusitanov\u00e1 s\u016fl?<\/summary>\n<p>Pro\u010d je nutn\u00e9 p\u0159i v\u00fdrob\u011b uzenin pou\u017e\u00edvat &#8222;Pragandu&#8220; v\u00edce <a href=\"https:\/\/www.zamyslet.cz\/praganda\" data-type=\"link\" data-id=\"https:\/\/www.zamyslet.cz\/praganda\">zde<\/a><\/p>\n<\/details>\n","protected":false},"excerpt":{"rendered":"","protected":false},"author":1,"featured_media":0,"parent":0,"menu_order":0,"comment_status":"closed","ping_status":"closed","template":"","meta":{"footnotes":""},"class_list":["post-185","page","type-page","status-publish","hentry"],"_links":{"self":[{"href":"https:\/\/mikrouzenar.cz\/index.php?rest_route=\/wp\/v2\/pages\/185","targetHints":{"allow":["GET"]}}],"collection":[{"href":"https:\/\/mikrouzenar.cz\/index.php?rest_route=\/wp\/v2\/pages"}],"about":[{"href":"https:\/\/mikrouzenar.cz\/index.php?rest_route=\/wp\/v2\/types\/page"}],"author":[{"embeddable":true,"href":"https:\/\/mikrouzenar.cz\/index.php?rest_route=\/wp\/v2\/users\/1"}],"replies":[{"embeddable":true,"href":"https:\/\/mikrouzenar.cz\/index.php?rest_route=%2Fwp%2Fv2%2Fcomments&post=185"}],"version-history":[{"count":15,"href":"https:\/\/mikrouzenar.cz\/index.php?rest_route=\/wp\/v2\/pages\/185\/revisions"}],"predecessor-version":[{"id":267,"href":"https:\/\/mikrouzenar.cz\/index.php?rest_route=\/wp\/v2\/pages\/185\/revisions\/267"}],"wp:attachment":[{"href":"https:\/\/mikrouzenar.cz\/index.php?rest_route=%2Fwp%2Fv2%2Fmedia&parent=185"}],"curies":[{"name":"wp","href":"https:\/\/api.w.org\/{rel}","templated":true}]}}