{"id":19,"date":"2024-08-19T11:34:50","date_gmt":"2024-08-19T09:34:50","guid":{"rendered":"https:\/\/mikrouzenar.cz\/?page_id=19"},"modified":"2024-08-26T13:13:15","modified_gmt":"2024-08-26T11:13:15","slug":"zakazkove-mikrouzenarstvi","status":"publish","type":"page","link":"https:\/\/mikrouzenar.cz\/","title":{"rendered":"Zak\u00e1zkov\u00e9 uzen\u00e1\u0159stv\u00ed"},"content":{"rendered":"\n<p class=\"has-medium-font-size\">Nab\u00edz\u00edm mo\u017enost zak\u00e1zkov\u00e9 v\u00fdroby uzen\u00fdch, fermentovan\u00fdch a su\u0161en\u00fdch masov\u00fdch dobrot.<\/p>\n\n\n\n<figure class=\"wp-block-image size-large\"><img loading=\"lazy\" decoding=\"async\" width=\"1024\" height=\"478\" src=\"https:\/\/mikrouzenar.cz\/wp-content\/uploads\/2024\/08\/Skilandis-1024x478.jpg\" alt=\"\" class=\"wp-image-35\" srcset=\"https:\/\/mikrouzenar.cz\/wp-content\/uploads\/2024\/08\/Skilandis-1024x478.jpg 1024w, https:\/\/mikrouzenar.cz\/wp-content\/uploads\/2024\/08\/Skilandis-300x140.jpg 300w, https:\/\/mikrouzenar.cz\/wp-content\/uploads\/2024\/08\/Skilandis-768x359.jpg 768w, https:\/\/mikrouzenar.cz\/wp-content\/uploads\/2024\/08\/Skilandis-1536x717.jpg 1536w, https:\/\/mikrouzenar.cz\/wp-content\/uploads\/2024\/08\/Skilandis-2048x957.jpg 2048w\" sizes=\"auto, (max-width: 1024px) 100vw, 1024px\" \/><\/figure>\n\n\n\n<p class=\"has-medium-font-size\">Samoz\u0159ejm\u011b bez v\u0161ech mo\u017en\u00fdch technologick\u00fdch p\u0159\u00edsad kter\u00e9 jsou pou\u017e\u00edvan\u00e9 ve velkov\u00fdrob\u011b!!!<\/p>\n\n\n\n<p><\/p>\n\n\n\n<p><\/p>\n\n\n\n<p>Jak to funguje?<\/p>\n\n\n\n<p class=\"has-medium-font-size\">Dod\u00e1te si maso pot\u0159ebn\u00e9 k vybran\u00e9mu receptu (celkem max. 2-2,5kg) nebo zaplat\u00edte z\u00e1lohu na n\u00e1kup a j\u00e1 se o v\u0161e ostatn\u00ed postar\u00e1m. Odm\u011bnu za pr\u00e1ci a zpracov\u00e1n\u00ed si dohodneme podle n\u00e1ro\u010dnosti receptu.<\/p>\n\n\n\n<figure class=\"wp-block-image size-large\"><img loading=\"lazy\" decoding=\"async\" width=\"1024\" height=\"425\" src=\"https:\/\/mikrouzenar.cz\/wp-content\/uploads\/2024\/08\/Rezani_masa-1024x425.jpg\" alt=\"\" class=\"wp-image-105\" srcset=\"https:\/\/mikrouzenar.cz\/wp-content\/uploads\/2024\/08\/Rezani_masa-1024x425.jpg 1024w, https:\/\/mikrouzenar.cz\/wp-content\/uploads\/2024\/08\/Rezani_masa-300x125.jpg 300w, https:\/\/mikrouzenar.cz\/wp-content\/uploads\/2024\/08\/Rezani_masa-768x319.jpg 768w, https:\/\/mikrouzenar.cz\/wp-content\/uploads\/2024\/08\/Rezani_masa-1536x638.jpg 1536w, https:\/\/mikrouzenar.cz\/wp-content\/uploads\/2024\/08\/Rezani_masa.jpg 2000w\" sizes=\"auto, (max-width: 1024px) 100vw, 1024px\" \/><\/figure>\n\n\n\n<p class=\"has-medium-font-size\">Takhle jednodu\u0161e si m\u016f\u017eete nechat vyrobit t\u0159eba i netradi\u010dn\u00ed d\u00e1rek pro n\u011bkoho v rodin\u011b nebo ve va\u0161em pracovn\u00edm kolektivu!<\/p>\n\n\n\n<p class=\"has-medium-font-size\">Co dok\u00e1\u017eu vyrobit si prohl\u00e9dn\u011bte zde <a href=\"https:\/\/dedovo-masicko.cz\/prehled-vyrobku\/\">https:\/\/dedovo-masicko.cz\/prehled-vyrobku\/<\/a><\/p>\n","protected":false},"excerpt":{"rendered":"<p>Nab\u00edz\u00edm mo\u017enost zak\u00e1zkov\u00e9 v\u00fdroby uzen\u00fdch, fermentovan\u00fdch a su\u0161en\u00fdch masov\u00fdch dobrot. Samoz\u0159ejm\u011b bez v\u0161ech mo\u017en\u00fdch technologick\u00fdch p\u0159\u00edsad kter\u00e9 jsou pou\u017e\u00edvan\u00e9 ve velkov\u00fdrob\u011b!!! Jak to funguje? Dod\u00e1te si maso pot\u0159ebn\u00e9 k vybran\u00e9mu receptu (celkem max. 2-2,5kg) nebo zaplat\u00edte z\u00e1lohu na n\u00e1kup a j\u00e1 se o v\u0161e ostatn\u00ed postar\u00e1m. Odm\u011bnu za pr\u00e1ci a zpracov\u00e1n\u00ed si dohodneme podle n\u00e1ro\u010dnosti [&hellip;]<\/p>\n","protected":false},"author":1,"featured_media":0,"parent":0,"menu_order":0,"comment_status":"closed","ping_status":"closed","template":"","meta":{"footnotes":""},"class_list":["post-19","page","type-page","status-publish","hentry"],"_links":{"self":[{"href":"https:\/\/mikrouzenar.cz\/index.php?rest_route=\/wp\/v2\/pages\/19","targetHints":{"allow":["GET"]}}],"collection":[{"href":"https:\/\/mikrouzenar.cz\/index.php?rest_route=\/wp\/v2\/pages"}],"about":[{"href":"https:\/\/mikrouzenar.cz\/index.php?rest_route=\/wp\/v2\/types\/page"}],"author":[{"embeddable":true,"href":"https:\/\/mikrouzenar.cz\/index.php?rest_route=\/wp\/v2\/users\/1"}],"replies":[{"embeddable":true,"href":"https:\/\/mikrouzenar.cz\/index.php?rest_route=%2Fwp%2Fv2%2Fcomments&post=19"}],"version-history":[{"count":22,"href":"https:\/\/mikrouzenar.cz\/index.php?rest_route=\/wp\/v2\/pages\/19\/revisions"}],"predecessor-version":[{"id":272,"href":"https:\/\/mikrouzenar.cz\/index.php?rest_route=\/wp\/v2\/pages\/19\/revisions\/272"}],"wp:attachment":[{"href":"https:\/\/mikrouzenar.cz\/index.php?rest_route=%2Fwp%2Fv2%2Fmedia&parent=19"}],"curies":[{"name":"wp","href":"https:\/\/api.w.org\/{rel}","templated":true}]}}